- -69. Calculate the greatest common divisor of 1 and t.
1
Suppose 3 = -7*i + 3. Suppose -4*a + 755 = a - j, 4*a + j - 613 = i. Calculate the greatest common factor of a and 19.
19
Let w be (-16176)/(-54) + 16/36. What is the greatest common factor of w and 6?
6
Suppose -5*j + 0*j + 125 = 0. Let b = 1 - -105. Suppose -4*k + b = 6. Calculate the greatest common factor of j and k.
25
Let c be (104 - 0) + -1 - (-32)/(-8). Calculate the greatest common divisor of c and 90.
9
Suppose -13*r = -10*r - 135. Let a = 105 + -75. Calculate the greatest common factor of a and r.
15
Let w be 8*(35/(-10) + 4). Calculate the greatest common factor of 20 and w.
4
Let x(p) = -p**3 - 9*p**2 - 8*p + 12. Let z be x(-8). Let y = -11 + z. Let b be (-18)/(-12)*(4 + 2). What is the highest common factor of b and y?
1
Let u be -1034*((-5)/(-2) - (-81)/(-27)). What is the greatest common factor of 22 and u?
11
Let c(b) = -b**3 - 7*b**2 + 11*b + 5. Let a be c(-11). Calculate the highest common factor of 23 and a.
23
Suppose -7*r + 114 = -61. What is the highest common factor of 15 and r?
5
Suppose 5*r - 53 = -2*j, 3*r = -0*j - 4*j + 99. Let n = 106 + -105. Let g be (-180)/n*(-12)/(-30)*-1. Calculate the highest common divisor of j and g.
24
Let u = -127 - -137. What is the greatest common factor of 70 and u?
10
Suppose 47*m - 1119 = 43*m + p, 4*m + 4*p = 1124. Calculate the highest common factor of m and 680.
40
Let r be 44 + ((-66)/(-42) - (-4)/(-7)). What is the greatest common factor of r and 63?
9
Let c(u) = -u**3 + 5*u**2 + 5. Let v be c(5). Let f(o) = o**3 - 5*o**2 - 17*o + 2. Let r be f(7). Let m = 1 - r. Calculate the highest common factor of v and m.
5
Let p be (-3060)/(-140) + (-8)/(-56). Let u be 1 + 200 - (-4 + 7). Calculate the greatest common divisor of p and u.
22
Let n be (-22 - -4) + 293 + 1*-5. Calculate the highest common divisor of n and 10.
10
Let l be (-6 - -2)/(-1 - (-168)/174). Calculate the highest common divisor of l and 12.
4
Let d(y) = -y**3 - 5*y + 6. Let j be d(0). Calculate the highest common factor of 30 and j.
6
Let n be 2/(-4)*(-3 + 10 - 1085). What is the highest common divisor of n and 49?
49
Suppose a + 10 = 38. Suppose -4*k = -116 - 56. Let c = -29 + k. Calculate the greatest common factor of a and c.
14
Let o(i) = -i + 14. Let w(v) = -2*v + 28. Let z(q) = -5*o(q) + 3*w(q). Let d be z(-17). Calculate the highest common divisor of d and 31.
31
Let x(c) = 52*c + 14. Let z be x(4). What is the greatest common divisor of 3 and z?
3
Let p be -4 - -6 - -13*1. Let y(b) = 10*b - 5. Let i be y(14). What is the greatest common divisor of i and p?
15
Suppose 4*p - 2*p = 16. Suppose -l - 3*l = 0. Suppose 5*i = a - 105, 2*i - 3*i - 5 = l. Calculate the greatest common factor of a and p.
8
Let u = 5 - 2. Let c = -39 - -37. Let b be (-8 + 0)*3/c. Calculate the highest common factor of u and b.
3
Let u = -11 + 10. Let g(c) = -19*c**3 - 2*c**2 - 2*c - 1. Let o be g(u). Let l(m) = 145*m**2 + m. Let k be l(-1). What is the highest common factor of k and o?
18
Let g = -3 + 4. Let q = 7 + g. Let x = 49 + -33. Calculate the greatest common factor of q and x.
8
Suppose -6*j - 6232 = -88*j. Calculate the greatest common divisor of 133 and j.
19
Let d(p) = -301*p + 7. Let m be d(-1). Calculate the highest common divisor of m and 44.
44
Suppose 2*b = -3*r + 178, -5*r + 541 = 4*b + 245. Calculate the greatest common factor of 795 and r.
15
Let t be -1*(0 + 2/(-1)). Suppose 58 = t*p - 12. Let o = 95 - 88. What is the highest common factor of p and o?
7
Let h(a) = -21*a - 177. Let l be h(-9). Let q = 224 + -128. What is the highest common divisor of q and l?
12
Let u = -130 + 138. What is the highest common divisor of u and 108?
4
Suppose -64 - 86 = -d. What is the highest common divisor of d and 200?
50
Suppose -4*j - 3*x + 991 = 0, j + x + 13 = 260. What is the greatest common factor of 450 and j?
50
Let i be 6 + 1 + 24/(-6). What is the highest common divisor of 9 and i?
3
Let w = 480 - 476. Calculate the greatest common divisor of 50 and w.
2
Let b be (282/8 - (-8)/(-32)) + 3. What is the highest common divisor of 342 and b?
38
Suppose 4*o = -5*l - 28, 2*o - 2 = 3*o. Let i be (-340)/(-12) - l/(-3). Calculate the greatest common factor of i and 9.
9
Suppose -972*m = -970*m - 1378. Calculate the highest common factor of m and 159.
53
Suppose -40 = 3*d - 3*n - 367, 5*d + 5*n - 505 = 0. Let p be 4 - 2*(-51)/6. What is the greatest common factor of d and p?
21
Let n(x) = x**3 + 19*x**2 - 11*x - 4. Let s = 24 + -43. Let l be n(s). Calculate the highest common factor of l and 41.
41
Suppose 4*m - 223 = 33. Let q = 1749 + -1741. What is the highest common divisor of m and q?
8
Let w = 32 + -38. Let c be (w + 9)/(12/44). Calculate the greatest common factor of c and 88.
11
Let q be (-5)/(-5 - -4) + (-1 - 0). Suppose -68 = -q*k - 3*g, -3*g - 5 = 7. Calculate the greatest common factor of 220 and k.
20
Suppose 0 = -4*z + 4*n + 4 + 12, 5*n - 8 = z. What is the highest common factor of 14 and z?
7
Suppose 8*r + 145 = 3*r. Let d be 28 + r - (0 + -232). Calculate the greatest common factor of 21 and d.
21
Let q be (-10)/(-2) + -3 + 58. Calculate the greatest common factor of q and 45.
15
Suppose 11*y = k + 7*y - 76, 3*k - 3*y - 219 = 0. Calculate the highest common divisor of 45 and k.
9
Suppose 0 = -6*v + 11*v - 245. Let t = v + -32. Calculate the highest common factor of 17 and t.
17
Let l = -3 - -95. Suppose 2*t = 9 - 1, 0 = -u - 5*t + 63. Let n = l - u. Calculate the highest common factor of n and 7.
7
Let q(k) = k**3 - 6*k**2 + 3*k - 5. Let o be q(5). Let t = 19 + o. Suppose 111 = t*w - 273. What is the highest common divisor of w and 64?
32
Suppose -8*w = -848 + 144. What is the greatest common factor of w and 44?
44
Suppose 4*z - 58 + 14 = 0. What is the greatest common factor of 517 and z?
11
Let h(v) = 19*v - 47. Let w be 2*(-3)/6 + 9. Let c be h(w). What is the greatest common divisor of c and 42?
21
Let o = 1082 + -1075. What is the greatest common factor of o and 189?
7
Suppose -9 + 65 = 8*o. Let v be o/(63/(-6))*(-3 - 78). Calculate the greatest common factor of v and 6.
6
Let f = -71 - -74. Suppose -f*x + 10 = h - 5*x, -50 = -5*h - 3*x. Let t(w) = 37*w - 1. Let p be t(3). What is the highest common divisor of p and h?
10
Let x = -215 + 236. Calculate the highest common factor of x and 15.
3
Suppose -4026 - 2310 = -18*m. Calculate the highest common factor of m and 11.
11
Suppose -11*r + 903 = 870. Suppose 5*w = 4*c + 10, -33 = -3*w - 0*w - 3*c. What is the highest common factor of w and r?
3
Suppose 6*m - m - 10 = 0. Suppose 2*l + 4 = -0*s + s, -2 = 2*l. What is the highest common factor of m and s?
2
Let d(n) = -10 - 3*n + 4*n**2 + 2*n**2 + 5*n**2 + 14*n - n**3. Let x be d(12). Let v be (32/(-5))/(x/55). Calculate the highest common factor of 144 and v.
16
Suppose 4*y - 6 = x + 21, -x + 21 = 4*y. Suppose 5*s + y = 6*s. Let v(m) = 3*m**2 - 9*m + 14. Let i be v(s). Calculate the greatest common factor of i and 17.
17
Suppose i = 2*i - 116. Let q(r) = r**3 - r**2 - 9*r + 18. Let p be q(2). Calculate the highest common divisor of i and p.
4
Let y(l) = l**2 - 14*l - 245. Let c be y(-11). Suppose 0 = -4*n + n + 360. Calculate the highest common factor of c and n.
30
Let k(v) = -v**3 - 5*v**2 + 11*v - 19. Let h be k(-7). What is the greatest common divisor of 13 and h?
1
Suppose -o = -2*v - 18, v - 40 = -3*o - 0*o. Let s(b) = -1 + 0*b - 3 + 4*b - b. Let z be s(6). What is the highest common divisor of o and z?
14
Let t = -18 + 48. What is the highest common divisor of t and 240?
30
Let l(v) = -v**3 - 12*v**2 + 12*v - 9. Let d be l(-13). Calculate the highest common divisor of d and 9.
1
Let j(n) = 226*n**3 + n - 1. Let r be j(1). Suppose -2*w - r = -4*a, 0*w - 5*a + 560 = -5*w. Let o = 258 + w. Calculate the highest common factor of 21 and o.
21
Suppose -5*u + 0*b + 1422 = b, b = 4*u - 1134. Calculate the greatest common factor of u and 71.
71
Suppose 7*b - 858 = -6*b. What is the highest common divisor of 638 and b?
22
Let y(b) = -37*b**3 - 17*b**2 + 7*b + 2. Let i be y(-2). Calculate the greatest common divisor of i and 456.
24
Let a = -28 - -17. Let p = a - -59. Calculate the highest common factor of p and 8.
8
Suppose -4*a + 317 = w, -348 = 3*w - 2*a - 132